{"id":7307,"date":"2017-04-04T14:12:13","date_gmt":"2017-04-04T14:12:13","guid":{"rendered":"http:\/\/maison.edge-themes.com\/?page_id=7307"},"modified":"2025-04-13T22:53:08","modified_gmt":"2025-04-13T15:53:08","slug":"metro-home","status":"publish","type":"page","link":"https:\/\/song-song.vn\/","title":{"rendered":"Metro Home"},"content":{"rendered":"<p>[vc_row row_content_width=&#8221;grid&#8221; content_text_aligment=&#8221;center&#8221; css=&#8221;.vc_custom_1744176998809{padding-top: 68px !important;padding-bottom: 86px !important;}&#8221; simple_background_color=&#8221;#f5f5f5&#8243;][vc_column][vc_single_image image=&#8221;11824&#8243; img_size=&#8221;625&#215;250&#8243; alignment=&#8221;center&#8221; css_animation=&#8221;bounceInUp&#8221;]<div class=\"edgtf-section-title-holder edgtf-st-standard edgtf-st-title-left edgtf-st-normal-space \" style=\"padding: 0 10%;text-align: center\">\n\t<div class=\"edgtf-st-inner\">\n\t\t\t\t\t\t\t<p class=\"edgtf-st-text\" style=\"font-size: 16px;line-height: 30px;margin-top: 19px\">\n\t\t\t\tCh\u00fang t\u00f4i lu\u00f4n lu\u00f4n l\u1eafng nghe v\u00e0 chia s\u1ebb nh\u1eefng c\u00e2u chuy\u1ec7n, \u00fd t\u01b0\u1edfng th\u00fa v\u1ecb c\u1ee7a qu\u00fd kh\u00e1ch h\u00e0ng d\u00e0nh ri\u00eang cho kh\u00f4ng gian s\u1ed1ng c\u1ee7a m\u00ecnh. T\u1eeb ch\u00ednh nh\u1eefng m\u1ea3nh gh\u00e9p r\u1eddi r\u1ea1c \u1ea5y k\u1ebft h\u1ee3p song song c\u00f9ng quy tr\u00ecnh t\u01b0 v\u1ea5n chuy\u00ean m\u00f4n nhi\u1ec7t t\u00ecnh v\u00e0 chu \u0111\u00e1o s\u1ebd l\u1eafp gh\u00e9p nh\u1eefng \u00fd t\u01b0\u1edfng c\u1ee7a kh\u00e1ch h\u00e0ng th\u00e0nh m\u1ed9t t\u00e1c ph\u1ea9m ngh\u1ec7 thu\u1eadt \u0111\u1ed9c nh\u1ea5t cho ri\u00eang h\u1ecd.\t\t\t<\/p>\n\t\t\t<\/div>\n<\/div>[vc_empty_space height=&#8221;28px&#8221;][vc_single_image image=&#8221;11536&#8243; img_size=&#8221;full&#8221; alignment=&#8221;center&#8221; css_animation=&#8221;top-to-bottom&#8221;][\/vc_column][\/vc_row][vc_row equal_height=&#8221;yes&#8221;][vc_column css_animation=&#8221;fadeInUp&#8221; css=&#8221;.vc_custom_1744559578211{padding-right: 0px !important;padding-left: 0px !important;background-image: url(https:\/\/song-song.vn\/wp-content\/uploads\/2017\/04\/h12-img-1.jpg?id=7311) !important;background-position: center !important;background-repeat: no-repeat !important;background-size: cover !important;}&#8221; offset=&#8221;vc_col-lg-6 vc_col-md-12&#8243;][vc_empty_space height=&#8221;400px&#8221;][\/vc_column][vc_column css_animation=&#8221;right-to-left&#8221; css=&#8221;.vc_custom_1744185601581{padding-right: 0px !important;padding-left: 0px !important;}&#8221; offset=&#8221;vc_col-lg-6 vc_col-md-12&#8243;]<div class=\"edgtf-ss-holder edgtf-ss-image-right edgtf-ss-break-480\">\n\t<div class=\"edgtf-ss-image\" style=\"background-image: url(https:\/\/song-song.vn\/wp-content\/uploads\/2021\/08\/ktt.jpg)\">\n\t\t<img loading=\"lazy\" decoding=\"async\" width=\"700\" height=\"779\" src=\"https:\/\/song-song.vn\/wp-content\/uploads\/2021\/08\/ktt.jpg\" class=\"attachment-full size-full\" alt=\"\" srcset=\"https:\/\/song-song.vn\/wp-content\/uploads\/2021\/08\/ktt.jpg 700w, https:\/\/song-song.vn\/wp-content\/uploads\/2021\/08\/ktt-270x300.jpg 270w, https:\/\/song-song.vn\/wp-content\/uploads\/2021\/08\/ktt-600x668.jpg 600w\" sizes=\"auto, (max-width: 700px) 100vw, 700px\" \/>\t<\/div>\n\t<div class=\"edgtf-ss-content\" >\n\t\t\t\t\t<h4 class=\"edgtf-ss-title\" >D\u1ef0 \u00c1N KI\u1ebeN TR\u00daC<\/h4>\n\t\t\t\t\t\t\t<p class=\"edgtf-ss-text\" style=\"margin-top: 20px;margin-bottom: 10px\">V\u1edbi c\u00e1c d\u1ef1 \u00e1n nh\u00e0 ph\u1ed1 hay bi\u1ec7t th\u1ef1, ch\u00fang t\u00f4i t\u1eadp trung v\u00e0o s\u1ef1 \u0111\u01a1n gi\u1ea3n tinh t\u1ebf v\u00e0 khai th\u00e1c c\u00f4ng n\u0103ng \u0111\u1ea7y hi\u1ec7u qu\u1ea3, nh\u1eb1m mang \u0111\u1ebfn kh\u00f4ng gian s\u1ed1ng tho\u1ea3i m\u00e1i cho gia ch\u1ee7.<\/p>\n\t\t\t\t\t\t\t<a itemprop=\"url\" href=\"https:\/\/song-song.vn\/index.php\/portfolio-standard\/architect\/\" target=\"_self\" style=\"color: #ffffff;background-color: #181818;border-color: #181818\" class=\"edgtf-btn edgtf-btn-medium edgtf-btn-solid edgtf-btn-custom-hover-bg edgtf-btn-custom-border-hover edgtf-ss-link\" data-hover-bg-color=\"#333333\" data-hover-border-color=\"#333333\" >    <span class=\"edgtf-btn-text\">XEM TH\u00caM<\/span>    <\/a>\t\t\t<\/div>\n<\/div><div class=\"edgtf-ss-holder edgtf-ss-image-left edgtf-ss-break-480\">\n\t<div class=\"edgtf-ss-image\" style=\"background-image: url(https:\/\/song-song.vn\/wp-content\/uploads\/2021\/08\/Logan-Square-06.jpg)\">\n\t\t<img loading=\"lazy\" decoding=\"async\" width=\"2000\" height=\"1702\" src=\"https:\/\/song-song.vn\/wp-content\/uploads\/2021\/08\/Logan-Square-06.jpg\" class=\"attachment-full size-full\" alt=\"\" srcset=\"https:\/\/song-song.vn\/wp-content\/uploads\/2021\/08\/Logan-Square-06.jpg 2000w, https:\/\/song-song.vn\/wp-content\/uploads\/2021\/08\/Logan-Square-06-300x255.jpg 300w, https:\/\/song-song.vn\/wp-content\/uploads\/2021\/08\/Logan-Square-06-1024x871.jpg 1024w, https:\/\/song-song.vn\/wp-content\/uploads\/2021\/08\/Logan-Square-06-768x654.jpg 768w, https:\/\/song-song.vn\/wp-content\/uploads\/2021\/08\/Logan-Square-06-1536x1307.jpg 1536w, https:\/\/song-song.vn\/wp-content\/uploads\/2021\/08\/Logan-Square-06-600x511.jpg 600w\" sizes=\"auto, (max-width: 2000px) 100vw, 2000px\" \/>\t<\/div>\n\t<div class=\"edgtf-ss-content\" >\n\t\t\t\t\t<h4 class=\"edgtf-ss-title\" >D\u1ef0 \u00c1N N\u1ed8I TH\u1ea4T<\/h4>\n\t\t\t\t\t\t\t<p class=\"edgtf-ss-text\" style=\"margin-top: 20px;margin-bottom: 10px\">Ch\u00fang t\u00f4i lu\u00f4n khai th\u00e1c t\u1ed1i \u0111a kh\u00f4ng gian s\u1eed d\u1ee5ng v\u00e0 \u0111\u1ea7y \u0111\u1ee7 ti\u1ec7n nghi sinh ho\u1ea1t theo y\u00eau c\u1ea7u gia ch\u1ee7, m\u00e0 c\u00f2n c\u00f3 hi\u1ec7u qu\u1ea3 v\u1ec1 t\u00ednh th\u1ea9m m\u1ef9. \u0110i\u1ec1u m\u00e0 \u1ea3nh h\u01b0\u1edfng tr\u1ef1c ti\u1ebfp \u0111\u1ebfn ng\u01b0\u1eddi s\u1eeda d\u1ee5ng.<\/p>\n\t\t\t\t\t\t\t<a itemprop=\"url\" href=\"https:\/\/song-song.vn\/index.php\/portfolio-standard\/interior\/\" target=\"_self\" style=\"color: #ffffff;background-color: #181818;border-color: #181818\" class=\"edgtf-btn edgtf-btn-medium edgtf-btn-solid edgtf-btn-custom-hover-bg edgtf-btn-custom-border-hover edgtf-ss-link\" data-hover-bg-color=\"#333333\" data-hover-border-color=\"#333333\" >    <span class=\"edgtf-btn-text\">XEM TH\u00caM<\/span>    <\/a>\t\t\t<\/div>\n<\/div>[\/vc_column][\/vc_row][vc_row equal_height=&#8221;yes&#8221;][vc_column css_animation=&#8221;left-to-right&#8221; css=&#8221;.vc_custom_1744185621399{padding-right: 0px !important;padding-left: 0px !important;}&#8221; offset=&#8221;vc_col-lg-6 vc_col-md-12&#8243;]<div class=\"edgtf-ss-holder edgtf-ss-image-left edgtf-ss-break-480\">\n\t<div class=\"edgtf-ss-image\" style=\"background-image: url(https:\/\/song-song.vn\/wp-content\/uploads\/2017\/04\/h12-img-4.jpg)\">\n\t\t<img loading=\"lazy\" decoding=\"async\" width=\"800\" height=\"800\" src=\"https:\/\/song-song.vn\/wp-content\/uploads\/2017\/04\/h12-img-4.jpg\" class=\"attachment-full size-full\" alt=\"m\" srcset=\"https:\/\/song-song.vn\/wp-content\/uploads\/2017\/04\/h12-img-4.jpg 800w, https:\/\/song-song.vn\/wp-content\/uploads\/2017\/04\/h12-img-4-300x300.jpg 300w, https:\/\/song-song.vn\/wp-content\/uploads\/2017\/04\/h12-img-4-150x150.jpg 150w, https:\/\/song-song.vn\/wp-content\/uploads\/2017\/04\/h12-img-4-768x768.jpg 768w, https:\/\/song-song.vn\/wp-content\/uploads\/2017\/04\/h12-img-4-550x550.jpg 550w, https:\/\/song-song.vn\/wp-content\/uploads\/2017\/04\/h12-img-4-600x600.jpg 600w, https:\/\/song-song.vn\/wp-content\/uploads\/2017\/04\/h12-img-4-100x100.jpg 100w\" sizes=\"auto, (max-width: 800px) 100vw, 800px\" \/>\t<\/div>\n\t<div class=\"edgtf-ss-content\" >\n\t\t\t\t\t<h4 class=\"edgtf-ss-title\" >C\u1eecA H\u00c0NG N\u1ed8I TH\u1ea4T<\/h4>\n\t\t\t\t\t\t\t<p class=\"edgtf-ss-text\" style=\"margin-top: 20px;margin-bottom: 10px\">Ngo\u00e0i c\u00f4ng vi\u1ec7c ch\u00ednh Thi\u1ebft k\u1ebf &amp; Thi c\u00f4ng, ch\u00fang t\u00f4i c\u00f3 b\u00e1n k\u00e8m c\u00e1c s\u1ea3n ph\u1ea9m trang tr\u00ed n\u1ed9i th\u1ea5t, \u0111\u1eb7c bi\u1ec7t c\u00f3 th\u1ec3 t\u00f9y ch\u1ec9nh theo y\u00eau c\u1ea7u.<\/p>\n\t\t\t\t\t\t\t<a itemprop=\"url\" href=\"https:\/\/song-song.vn\/index.php\/products\/\" target=\"_self\" style=\"color: #ffffff;background-color: #181818;border-color: #181818\" class=\"edgtf-btn edgtf-btn-medium edgtf-btn-solid edgtf-btn-custom-hover-bg edgtf-btn-custom-border-hover edgtf-ss-link\" data-hover-bg-color=\"#333333\" data-hover-border-color=\"#333333\" >    <span class=\"edgtf-btn-text\">S\u1ea2N PH\u1ea8M<\/span>    <\/a>\t\t\t<\/div>\n<\/div>[\/vc_column][vc_column css_animation=&#8221;left-to-right&#8221; css=&#8221;.vc_custom_1744185712874{padding-right: 0px !important;padding-left: 0px !important;background-image: url(https:\/\/song-song.vn\/wp-content\/uploads\/2016\/12\/blog-f-img-5.jpg?id=519) !important;background-position: center !important;background-repeat: no-repeat !important;background-size: cover !important;}&#8221; offset=&#8221;vc_col-lg-6 vc_col-md-12&#8243;][vc_empty_space height=&#8221;240px&#8221;][\/vc_column][\/vc_row]<\/p>\n","protected":false},"excerpt":{"rendered":"<p>[vc_row row_content_width=&#8221;grid&#8221; content_text_aligment=&#8221;center&#8221; css=&#8221;.vc_custom_1744176998809{padding-top: 68px !important;padding-bottom: 86px !important;}&#8221; simple_background_color=&#8221;#f5f5f5&#8243;][vc_column][vc_single_image image=&#8221;11824&#8243; img_size=&#8221;625&#215;250&#8243; alignment=&#8221;center&#8221; css_animation=&#8221;bounceInUp&#8221;][vc_empty_space height=&#8221;28px&#8221;][vc_single_image image=&#8221;11536&#8243; img_size=&#8221;full&#8221; alignment=&#8221;center&#8221; css_animation=&#8221;top-to-bottom&#8221;][\/vc_column][\/vc_row][vc_row equal_height=&#8221;yes&#8221;][vc_column css_animation=&#8221;fadeInUp&#8221; css=&#8221;.vc_custom_1744559578211{padding-right: 0px !important;padding-left: 0px !important;background-image: url(https:\/\/song-song.vn\/wp-content\/uploads\/2017\/04\/h12-img-1.jpg?id=7311) !important;background-position: center !important;background-repeat: no-repeat !important;background-size: cover !important;}&#8221; offset=&#8221;vc_col-lg-6 vc_col-md-12&#8243;][vc_empty_space height=&#8221;400px&#8221;][\/vc_column][vc_column css_animation=&#8221;right-to-left&#8221; css=&#8221;.vc_custom_1744185601581{padding-right: 0px !important;padding-left: [&hellip;]<\/p>\n","protected":false},"author":1,"featured_media":0,"parent":0,"menu_order":0,"comment_status":"closed","ping_status":"closed","template":"full-width.php","meta":{"footnotes":""},"class_list":["post-7307","page","type-page","status-publish","hentry"],"_links":{"self":[{"href":"https:\/\/song-song.vn\/index.php\/wp-json\/wp\/v2\/pages\/7307","targetHints":{"allow":["GET"]}}],"collection":[{"href":"https:\/\/song-song.vn\/index.php\/wp-json\/wp\/v2\/pages"}],"about":[{"href":"https:\/\/song-song.vn\/index.php\/wp-json\/wp\/v2\/types\/page"}],"author":[{"embeddable":true,"href":"https:\/\/song-song.vn\/index.php\/wp-json\/wp\/v2\/users\/1"}],"replies":[{"embeddable":true,"href":"https:\/\/song-song.vn\/index.php\/wp-json\/wp\/v2\/comments?post=7307"}],"version-history":[{"count":55,"href":"https:\/\/song-song.vn\/index.php\/wp-json\/wp\/v2\/pages\/7307\/revisions"}],"predecessor-version":[{"id":11861,"href":"https:\/\/song-song.vn\/index.php\/wp-json\/wp\/v2\/pages\/7307\/revisions\/11861"}],"wp:attachment":[{"href":"https:\/\/song-song.vn\/index.php\/wp-json\/wp\/v2\/media?parent=7307"}],"curies":[{"name":"wp","href":"https:\/\/api.w.org\/{rel}","templated":true}]}}